remainder when g is divided by x.
17
Suppose 72*h - 9*h = 13356. What is the remainder when h is divided by 101?
10
Let b(l) = -2*l + 98. What is the remainder when 236 is divided by b(34)?
26
Let t be 22 + (-2 - -1 - 0). Let b be 2/4 - (-1688)/16. Let w = b - t. Calculate the remainder when w is divided by 22.
19
Calculate the remainder when 943 is divided by ((-3)/(-3))/(9/153) + 5.
19
Let s(x) = -x**3 - 3*x**2 - x - 3. Let v be s(-3). Suppose k + v*k = 37. What is the remainder when k is divided by (2 + 14)*3/6?
5
Let j(d) = -d**3 - 9*d**2 - 8*d + 4. Let r = -51 + 53. Suppose -a + 0*o = -2*o - 20, -o - 28 = -r*a. What is the remainder when a is divided by j(-8)?
0
Let f = -60 + 40. Let j = f + 37. Calculate the remainder when (57 + 3)*(-2)/(-4) is divided by j.
13
Let d = -11 + -48. Let l = 91 + d. Calculate the remainder when l is divided by 11.
10
Suppose 0 = -4*q + 2*r + 2*r + 144, 2*q - 4*r - 66 = 0. Let v(l) = l**2 - 85*l + 567. Calculate the remainder when q is divided by v(78).
18
Let u be (-70)/42 + 2/(-6). Let i be (-10 + u + 3)*-1. What is the remainder when 6 is divided by (6/i*-3)/(-1)?
0
Let v(l) = -17*l - 12. Let z(n) = 3*n**2 + 4*n. What is the remainder when z(3) is divided by v(-2)?
17
Suppose -y = 2*b - 23, -3*b + 4*y + 64 = b. What is the remainder when b is divided by 2?
1
Let i(t) = t + 2. Suppose 3*a = -3*m + 30, -a - 4*m + 52 = 4*a. Suppose 3*c = -2*q + a, c - 3*c - q + 9 = 0. Calculate the remainder when c is divided by i(0).
0
What is the remainder when 4/5 + 361/(-95) - -14 is divided by 7?
4
Let d(h) = -h**3 - 26*h - 26. What is the remainder when d(-5) is divided by 119?
110
Let o(f) = 4*f**2 - 25*f - 5. Calculate the remainder when 157 is divided by o(7).
13
Let m = -21 + 24. Suppose -4*v + 43 = m*h, -5*h + 4*v = -40 + 11. What is the remainder when 15 is divided by h?
6
Let h be (2 + (-9)/(-4))/(6/(-24)). Let k = 23 + h. What is the remainder when 10 is divided by k?
4
Suppose 2*t + 2*j = 626, 3*j + 289 = 2*t - 337. Calculate the remainder when t is divided by 53.
48
Suppose -5*l = 2*n - 2020, -l = -4*n - 439 + 57. Calculate the remainder when l is divided by 4.
2
Let a(o) = o**3 - 8*o**2 + 10*o + 16. Let u be a(6). Suppose -u*z = 4*k - 52, -5*k + 62 = -0*z + 2*z. What is the remainder when k is divided by 3?
0
Suppose -305 = -20*c + 15*c + 3*d, 3*c = 5*d + 199. Calculate the remainder when 181 is divided by c.
7
Let r = -119 - -34. Calculate the remainder when r/(-5)*1 + -3 is divided by 4.
2
Let u = 2 + -1. What is the remainder when 105 is divided by 3/(-5*u/(-60))?
33
Suppose 7*z = 53 - 4. Suppose z*d - 142 - 75 = 0. Calculate the remainder when d is divided by 17.
14
Let i(j) = 2*j**3 - j**2 - 6*j + 15. Calculate the remainder when 197 is divided by i(3).
29
Let l = 18 - 8. Let c(t) = t + 2. Let a be c(-4). What is the remainder when a/(-4) + (-616)/(-16) is divided by l?
9
Suppose 73*v - 76*v + 132 = 0. Let o = -14 - -23. Calculate the remainder when v is divided by o.
8
Let c be (-2 + 3)*36/3. Suppose -b + 2 = -c. Let w(k) = 11*k**2 + 4*k + 3. What is the remainder when w(-2) is divided by b?
11
Let f = 15 + 10. Let d(o) = -o**2 - 9*o - 2. Let p be d(-7). Let u(q) = q + 35. What is the remainder when u(p) is divided by f?
22
Suppose -5*c - 20 = -0*c, 3*y - 160 = -2*c. Suppose 78 + y = -2*d. What is the remainder when d/(-2)*(-2 + 4) is divided by 17?
16
Let f = 6 - 6. Suppose -5*v + 3*c = -14, 4*c + 12 = -f. What is the remainder when v/((-4)/(-216)) + 0 is divided by 11?
10
What is the remainder when 375 is divided by 7 + 0/4 + -3 + 90?
93
Suppose 4*q + 12 = -3*s + 31, -q - 24 = -5*s. Suppose 3 = 5*z - 12. Calculate the remainder when q is divided by (z/(-6))/((-3)/6).
0
Let s = -1 - -1. Suppose n - 6 = -s. Calculate the remainder when n is divided by 96/(-960) - (-31)/10.
0
Let j = 8 + 1. Calculate the remainder when 1*36 - (-4 + 45/9) is divided by j.
8
Suppose 224*d = 222*d + 154. Calculate the remainder when d is divided by 27.
23
Let g = 2203 - 2179. Suppose 2*f = 4*f - 86. What is the remainder when f is divided by g?
19
Let y = -4 + 6. Suppose 4*p - 9*p = 3*l - 58, 4 = y*p. What is the remainder when 31 is divided by (-1 - l)/(-4 - -3)?
14
Suppose 6 = -2*t - 0, 3*b = -4*t + 435. Calculate the remainder when 735 is divided by b.
139
Let v(d) = -21*d + 100. What is the remainder when 174 is divided by v(3)?
26
Let b(q) = q**3 - 8*q**2 + 8*q - 9. Let a be b(7). Let r be -2 - (a - (0 + 1)). What is the remainder when (r - 17/(-2))*4 is divided by 10?
8
Suppose -7*o - 1 = -323. Calculate the remainder when o is divided by 30.
16
Suppose 0 = -43*i + 1147 + 57. Calculate the remainder when 275 is divided by i.
23
Let f = 1291 - 1215. What is the remainder when f is divided by 10?
6
Let j = 52 - 43. Calculate the remainder when (0 - 11/(-4))/(j/144) is divided by 12.
8
Suppose -8*f - f - 81 = 0. Let j = 5 - f. Calculate the remainder when 53 is divided by j.
11
Let n(r) = 3*r**3 + 29*r**2 - 11*r + 24. Suppose 137 = c + 2. What is the remainder when c is divided by n(-10)?
33
Let f = 1265 - 1253. Calculate the remainder when 634 is divided by f.
10
Let y(d) = 5*d**2 + 3*d - 42. Calculate the remainder when y(-7) is divided by 49.
35
Suppose 68 + 82 = 3*l. Suppose 4*z - 7 + 41 = 2*s, 35 = 3*s + 2*z. What is the remainder when l is divided by s?
11
Let l(s) = -s**2 + 11*s - 20. Let v be l(8). Suppose v*w + 13 - 61 = 0. Calculate the remainder when 34 is divided by w.
10
Let z = 17 - 15. Suppose z*o - 42 = -4*l, 58 + 27 = 5*o + 5*l. Calculate the remainder when 38 is divided by o.
12
Suppose 5*k - u + 3*u = -18, -3*k - 3*u - 9 = 0. What is the remainder when 31 is divided by (k/(-8))/(4/64)?
7
Let a(m) = 16*m - 95. Calculate the remainder when 318 is divided by a(10).
58
Let t(g) = 5*g**2 + 75*g + 75. Suppose 2*w - 2*n = -4*n + 44, -2*w = -n - 29. What is the remainder when w is divided by t(-1)?
2
Calculate the remainder when (-4 - 1/(-1))/((-234)/6474) is divided by 43.
40
Suppose -130 = -2*j + 4*j. Let d = -53 - j. Let i = 28 - -6. What is the remainder when i is divided by d?
10
Suppose 0 = -5*t + 120 - 75. Suppose l + 1 = -5*w, -4*l + 4 = 3*w - t. Calculate the remainder when 1/(-1)*(-12 + -1) is divided by l.
1
Suppose -28*w - 18*w + 1242 = 0. What is the remainder when w is divided by 4?
3
Suppose -4*q = 4*k - 316, 3*k - 106 = 4*q + 110. Calculate the remainder when k is divided by 11.
10
Suppose -3*l + 1 = -f, 2*l + f - 1 = -7. Let b(s) = s**2 - s - 108. Let v be b(-11). Calculate the remainder when 944/v - l/(-3) is divided by 10.
9
Suppose 11 = p - 4*k, 14*k + 55 = 3*p + 13*k. What is the remainder when 129 is divided by p?
15
Suppose -374 = -3*j - 2. Calculate the remainder when j is divided by 6.
4
Calculate the remainder when 10 is divided by (3/9)/((2/(-9))/(-2)).
1
Suppose -60 = b - 4*b. Let z = b - 20. Suppose -u = a - 60, -4*u + z*a + 248 = -4*a. Calculate the remainder when u is divided by 16.
13
Suppose -123*l = -128*l + 345. What is the remainder when l is divided by 18?
15
Let s(u) = -u**3 + 10*u**2 + 5*u + 11. Suppose 0 = 4*v - 20 - 16. Calculate the remainder when s(v) is divided by 35.
32
Let x(s) = -3*s**2 + 27*s - 9. Let u(a) = a**3 - a**2 + a + 8. Let d be u(0). What is the remainder when x(d) is divided by 10?
5
Let i be 14 + -8 - (-2)/(-1). Suppose -12 = -4*j + i. Calculate the remainder when ((-6)/9)/((-1)/21) is divided by j.
2
Suppose -2*a = a + 186. Let q = -50 - a. Calculate the remainder when 34 is divided by q.
10
Let m(k) = -k**3 - 13*k**2 + 12*k - 16. Let l = -16 + 16. Suppose 24*j - 22*j + 28 = l. Calculate the remainder when 23 is divided by m(j).
11
Suppose 7*h - 10 = 5*h. Suppose h*w - q - 30 = 0, 2*w - 4*q + 6 + 0 = 0. What is the remainder when 19 is divided by w?
5
Calculate the remainder when 1537 is divided by (0 + 77 - (-16 + 23))*1.
67
Suppose -2 = 4*r + 2*p, p = 5*r + 8 - 2. What is the remainder when 55 is divided by -5 - (-4 - -2) - (-14 - r)?
5
Suppose 2*z - y + 0*y = -8, 0 = -4*y - 8. Let b be ((-1)/2)/(z/30). What is the remainder when (b/2)/(15/70) is divided by 2?
1
What is the remainder when 25 is divided by (-6)/(-2) - -8*5/10?
4
Let u = 657 - 453. Let x = 299 - u. What is the remainder when x is divided by 32?
31
What is the remainder when 529 